?
15
Suppose -3*x + 450 = 3*x. Let h be 4/(-22) - (-2208)/44. Calculate the highest common factor of h and x.
25
Suppose 3*r - 320 + 68 = 0. Calculate the greatest common divisor of 532 and r.
28
Suppose 0 = 4*z + 2*l - 1122, -3*l = 3*z - 871 + 28. Suppose -4*r = -19 - 121. Calculate the greatest common factor of r and z.
35
Let j be -100 - (-4)/(16/(-12)). Let w be -4*1/(-2) - j. Suppose -w = -3*t - 2*t. Calculate the highest common divisor of t and 7.
7
Let x(h) = -h**3 + h**2 - 6*h + 6. Let k be x(4). Let i be 20/11 - 12/k. Let q be -1 - (48/(-4) + i). What is the greatest common divisor of q and 18?
9
Let x be (-10)/6 - 596/(-12). What is the greatest common factor of x and 168?
24
Let d(g) = -26*g**3. Let h be d(-1). Let a = h + -16. Let m = 1210 - 1160. Calculate the highest common divisor of a and m.
10
Let x(d) = d**2 + 8*d + 38. Suppose -b + 4*b + 24 = 0. Let j be x(b). What is the highest common divisor of 190 and j?
38
Let q = 1467 + -1446. Calculate the greatest common factor of q and 87.
3
Suppose 9*l - 8*l = 25. Let w = 41 - l. What is the greatest common factor of w and 144?
16
Let o = -26 - -31. Suppose 6 = 3*h, 3*c = c + o*h + 34. What is the highest common factor of 55 and c?
11
Let q = 24 - 15. Suppose 34 = -6*p + 8*p + v, 0 = 3*v + 6. Calculate the greatest common factor of p and q.
9
Suppose 260 = 5*k - q, 3*q - 189 = -5*k + 91. Calculate the highest common factor of 3763 and k.
53
Let d be 9167/4 + -10 - (-3)/12. What is the greatest common factor of d and 14?
14
Let w be (2/(-3))/((-1)/33). Calculate the greatest common factor of w and 242.
22
Let d(n) = n**2 - 8*n + 7. Let c be d(7). Suppose h + c*h - 12 = 0. Let m = -4 + h. Calculate the highest common factor of m and 40.
8
Let i be (-4)/(-14) + 832/28. Let n(v) = 19*v**2 - v. Let s be n(-1). Suppose -u + 2*u = s. What is the highest common factor of u and i?
10
Suppose 4*l - 3*f + 2 = -2, 4*f + 5 = -5*l. Let n be (-7)/(l - (-210)/215). What is the greatest common divisor of 43 and n?
43
Let p(j) = j**2 + 25*j + 74. Let a be p(-27). Calculate the highest common divisor of a and 16.
16
Let b(o) = -13 - 3*o - 2 + 5*o + o. Let t be b(7). Calculate the highest common divisor of t and 78.
6
Suppose -53*i + 5*l = -55*i + 61, 5*i - 143 = -3*l. Suppose 4*s + 182 - 966 = 0. Calculate the highest common factor of i and s.
28
Suppose 77 - 55 = 2*u. Suppose 65 = a - 38. Let l = a - 59. What is the highest common divisor of u and l?
11
Suppose -327 = -7*n + 4*n + 4*k, -5*n + 3*k + 534 = 0. Calculate the greatest common factor of n and 45.
15
Let u(q) = 2*q**3 - 6*q**2 + 28. Let m be u(4). What is the greatest common factor of m and 540?
60
Suppose -3*i = -2*x + 15, i + 5 = -4*i. Calculate the highest common factor of 9 and x.
3
Suppose 4*d - 2*d + 138 = -4*n, 0 = -3*n - 2*d - 102. Let h be (1/(-3))/(6/n). Let a = h + 5. What is the greatest common factor of 1 and a?
1
Let u(p) = p**3 - p**2 + 14*p + 9. Let l be u(0). Suppose 0 = d + 3*d + 36. Let c be (1 - -9)/((-2)/d). Calculate the greatest common divisor of c and l.
9
Let h = -466 - -862. What is the greatest common divisor of h and 36?
36
Let r(t) = 2*t**2 + 5*t + 4. Let o be r(-3). Let w(p) = 14*p - 119. Let s be w(9). What is the highest common divisor of s and o?
7
Suppose 4*b + 11*b = 2100. What is the highest common divisor of b and 35?
35
Suppose -5*o = 2*h + 15 - 142, 3*h + o = 197. Suppose 3*x - h = -9. What is the greatest common divisor of 247 and x?
19
Suppose 136*f + 616 = 143*f. Calculate the highest common factor of 154 and f.
22
Suppose -x + 74 = 3*g, 4*x - 16 = -32. What is the greatest common divisor of 39 and g?
13
Suppose 19*s - 18 = 13*s. Let z(y) = 4*y**2 + y + 6*y - y**2 - 6 - y**3. Let u be z(4). Calculate the greatest common divisor of s and u.
3
Let j = -19 - -6. Let g(q) = q**2 + 9*q - 2. Let l be g(j). Suppose 2*h + 0 = 20. Calculate the greatest common divisor of l and h.
10
Let v = -40 - -52. Calculate the greatest common divisor of v and 564.
12
Let c = 386 - 368. Calculate the greatest common factor of c and 84.
6
Suppose 6*u + 104 = 7*u. Suppose 5*f - 96 = u. What is the highest common divisor of f and 8?
8
Let o be 10 - (-4 + -309 + 11). What is the highest common divisor of o and 48?
24
Let l(p) be the third derivative of -p**4/2 - p**3/6 - 5*p**2. Let k be l(-1). Calculate the greatest common factor of k and 1.
1
Let k(u) = 21*u + 486. Let o be k(-23). Let n be 15 + (0/(-1))/(-3). What is the highest common divisor of o and n?
3
Let l(s) = s**3 - 6*s**2 - 10*s + 2. Let o be l(8). Calculate the greatest common divisor of 2 and o.
2
Suppose -3*t - 5*t = -80. Suppose 2*k + 3 - 11 = 0. Let y be k - (0 - (0 + 1)). Calculate the greatest common divisor of y and t.
5
Let m(q) = 41*q**2 - 3*q + 1. Let t be m(-1). What is the highest common divisor of 18 and t?
9
Let t = -91 + 134. Let x(q) be the third derivative of -3*q**4 - 5*q**3 + 30*q**2. Let d be x(-4). What is the highest common divisor of t and d?
43
Let v(q) = 17*q**2 - 7*q + 12. Let w(p) = -51*p**2 + 21*p - 36. Let b(x) = -8*v(x) - 3*w(x). Let z be b(3). Calculate the highest common factor of 16 and z.
16
Suppose -36 = 102*t - 105*t. Calculate the greatest common factor of 44 and t.
4
Suppose 0 = m - 6*m + 5. Let u be (-10)/12*-2 + 1/3. Let x be -5 + 36/8*u. Calculate the highest common factor of m and x.
1
Suppose -184 = -3*h - h. Let p = h + 6. Suppose -68 = -3*a + p. What is the highest common factor of a and 4?
4
Suppose -61 = -3*r - 7. Suppose r*j - 16*j = 22. Calculate the highest common factor of j and 121.
11
Let x be -1 + 2 - -1 - -61. Let u = 630 - 621. Calculate the greatest common factor of x and u.
9
Let y(p) = 23*p + 1592. Let i be y(-63). Suppose z - 26 = 5*m, 0*m - m - 25 = -2*z. What is the highest common factor of i and z?
11
Let n be 0*(5/(-2) + 2). Suppose 0*p + 2*p - 16 = n. Let b be (-1 - 81/(-3)) + -2. Calculate the highest common factor of b and p.
8
Let v(a) = -a**3 - 5*a**2 - 5*a - 2. Let w be v(-4). Calculate the highest common factor of 26 and w.
2
Let r = 361 - 358. Suppose -49 = -2*q + 9. Suppose -r*a + 76 = -q. Calculate the highest common divisor of a and 5.
5
Let i be 39 - (32/(-4) - -4). Suppose -5*q + i = 8. What is the highest common divisor of q and 21?
7
Suppose -4*v = 9*v - 1625. Suppose 151 = 3*k - v. Calculate the highest common factor of 138 and k.
46
Let j = 237 + -142. Suppose 5*v - 5*i - j = 0, v - 34 = 6*i - 2*i. Calculate the greatest common divisor of 126 and v.
14
Suppose 3*a - 260 - 73 = 0. Suppose 19*t - 3*t = 592. What is the highest common divisor of t and a?
37
Suppose -5*k + 37 = 2*u - 2, -k - 30 = -5*u. Suppose -4*l = -16, 2 - u = 3*o - 2*l. Calculate the highest common factor of 9 and o.
1
Suppose -3*u - 228 = -3*p - 81, 0 = 2*p + 3*u - 83. Calculate the highest common factor of 161 and p.
23
Let d be (80/(-20))/((32/100)/(-4)). Calculate the highest common factor of d and 110.
10
Let v(i) = -427 - 2*i**3 - 2*i**2 + 4*i**2 + 429 + 3*i. Let s be v(-1). What is the highest common factor of s and 2?
1
Let w be ((18/4)/3)/(55/10010). What is the highest common factor of 63 and w?
21
Let z(d) = -d + 1. Let g be z(9). Let m = g + 6. Let n be -4*((1 - 1) + m). What is the greatest common divisor of 40 and n?
8
Suppose 3*u = 4*d + 105, d - u = 3*u - 10. Let z be (2 + -32)*24/d. What is the greatest common divisor of z and 60?
12
Let f(p) = -p**3 - 6*p**2 - 10*p - 9. Let l be f(-6). Let v = 72 - l. Suppose -i + 5*t = v, 4*t = -5*i + 51 - 11. What is the greatest common factor of 1 and i?
1
Suppose 0 = -40*o + 45*o - 525. Calculate the highest common divisor of 45 and o.
15
Suppose -6 = 2*f, -14*h + 3*f = -19*h + 156. What is the highest common divisor of h and 143?
11
Let f(a) = -a**2 + 6*a + 4. Let h be f(6). Let c be 4 + (-25)/(50/(-24)). What is the highest common divisor of c and h?
4
Let i be (-3 - -3)*(0 - 1). Suppose 4*x + 0*x - 28 = i. Suppose 0*a = 2*a - 5*r - 29, -3*a + 18 = r. What is the greatest common factor of a and x?
7
Suppose 4*v + 5*o - 160 = 0, -2*v + 2*o = 3*v - 167. Suppose 3*d - 39 = -2*s + 28, -2*d = -2*s - 38. What is the highest common divisor of v and d?
7
Suppose 13*m = 230 + 862. Calculate the greatest common factor of 28 and m.
28
Let x(u) be the first derivat